 + 51. Let u(i) = 2*b(i) + 11*z(i). Is u(11) prime?
False
Let x(k) = 846*k + 4813. Is x(41) composite?
False
Suppose -2*m - 21 = 2*r - 7*m, -m = -3. Let x(c) = -6*c - 47*c**3 - 109*c**3 + 0*c**2 - 3*c**2 - 2. Is x(r) prime?
True
Suppose 78*a - 670446560 = -146*a. Is a composite?
True
Let o = 243216 + -162455. Is o a prime number?
True
Let u(s) = 48*s**2 + 3*s - 14. Let j be 6/(-4)*-2 + 0/(-2). Suppose 0 = j*m - 2*p + 5, -2*m - 3*p - 10 - 15 = 0. Is u(m) prime?
True
Let r = -3572 + 9925. Is r composite?
False
Let h = -6 - -9. Is (5/(-20) - -1)/(h/2676) a prime number?
False
Suppose -4*m + 2*h = -22, 5*m - 19 = 4*h + 13. Suppose 19402 = 5*u + 4*l + 2911, m*l - 6594 = -2*u. Is u composite?
False
Suppose 24*k + 1399962 = 68*k - 650482. Is k a composite number?
False
Suppose 15262488 = 207*o - 25471593. Is o composite?
True
Suppose -4*i - 1 = -17, 5*u - 5*i - 24285 = 0. Suppose -4*z - 11167 = u. Let h = -1240 - z. Is h prime?
True
Suppose 31375*p - 234116 = 31371*p. Is p composite?
True
Let w = -13804 - -23368. Suppose -w = 6*j - 33186. Is j a prime number?
False
Suppose 9*y = 29 - 2. Let r(s) = -y - 2 - 512*s + 300*s. Is r(-2) prime?
True
Suppose 4*q + 5*g - 3 + 1 = 0, 4 = 2*q + g. Suppose -n = o - 9258, -8*o + n = -q*o - 46284. Is o composite?
False
Suppose 47*h = 45*h - 3*w + 1411817, 3*h = -w + 2117750. Is h a prime number?
True
Let k(t) = 46*t**2 + 52*t - 31. Let j be ((-6)/(-2) - 3) + (-275)/(-25). Is k(j) prime?
False
Let r be 837 + (-4 - -6) + -7. Suppose -925 - r = -7*g. Is g composite?
False
Is (0 + -2)*(1 + -5 + 4542825/(-14)) composite?
True
Suppose -2*z - 14830 = -2*q, -21*q - 2*z - 37063 = -26*q. Is q prime?
True
Let u(f) = -5*f + 26*f**2 + 95*f**3 + 49 + 22*f**2 - 96*f**3. Is u(37) composite?
False
Suppose -15 = 3*q - 0*q. Let j(n) be the third derivative of 11*n**5/60 + 5*n**4/24 - 11*n**3/6 + 24*n**2 + n. Is j(q) a composite number?
False
Let c = -1014706 + 2084043. Is c composite?
True
Let o be (-18)/(-1*2 + (-28217)/(-14105)). Is 71 - o - (0 - 0) a composite number?
False
Let u be (6/9)/(16/(-24)). Is (u - (1 + 2)) + 62 + 879 prime?
True
Let t(k) = -3370*k**2 + 11*k + 2. Let c be t(-2). Is 10/4 - c/24 prime?
False
Let d be 0 + -4 - (-365723 - 0). Suppose 15*p + 14*p = d. Is p a prime number?
True
Let b(y) be the third derivative of -y**4/6 + 1399*y**3/6 + 419*y**2. Let t = 3 - 3. Is b(t) composite?
False
Let t(n) = -2*n - 27. Let s be t(-10). Let i(x) = -22*x**3 + x**2 + 3*x + 19. Is i(s) a composite number?
True
Suppose -4*f + g - 86 = 28, 102 = -4*f - 5*g. Let t be (-4)/(-10) + (-754)/10. Let b = f - t. Is b prime?
True
Let p = -2 - -14. Suppose -1555 = p*v - 17*v. Suppose -o = -324 - v. Is o a composite number?
True
Let w(y) = -17*y - 29 + 6 + 2. Let p be w(-11). Suppose -n + p = -279. Is n composite?
True
Let r = 175776 + 76246. Is r a prime number?
False
Suppose -x + 9 = 2*d, -d = -4*d + 9. Suppose -b + 2*b - 53036 = -4*j, -x*j + 4*b + 39777 = 0. Is j a composite number?
False
Let d be (4 + (0 + -3 - 2))*-15. Let u(v) = 50*v + 43. Is u(d) a composite number?
True
Let n be (-2)/(-9) - (-192)/108. Suppose 2*j = -4*x + 2286, -n*j - 2*x - x + 2286 = 0. Suppose j + 1718 = t. Is t prime?
True
Is 10/(-6) - (16 + 724816/(-24)) a prime number?
False
Let u(q) = -2*q**2 + 29*q - 12. Let t be u(14). Suppose 54 = -3*j - t*o, -2*o = 4*j + 89 - 19. Is 5752/j*(-4)/1 a prime number?
False
Let x(y) = 60*y**2 - 3*y - 2. Let d be x(-7). Suppose -z + 8*r - d = 4*r, -14735 = 5*z - 5*r. Let h = -1688 - z. Is h prime?
False
Let y(a) = a**2 + 20*a - 92. Let g be y(-24). Suppose 695 = g*f - 9237. Is f a composite number?
True
Suppose -i - 2*v = -58133, 4*i + 148430 = -v + 380913. Is i composite?
True
Let d(x) = x**3 + 6*x**2 - 3*x + 7. Let u be d(-6). Let q = -1924 - -1930. Let k = q + u. Is k a prime number?
True
Let s(j) = j**2 - 4*j - 5. Let t be s(-1). Suppose t = 7*p + 3*p - 60. Is p a composite number?
True
Let q(y) = -104*y**3 - 13*y**2 - 41*y + 3. Is q(-5) a composite number?
True
Suppose -40*q = -46*q. Suppose q = -175*i + 181*i - 2682. Is i a prime number?
False
Let o(q) = 890*q**2 - 6*q - 4. Let b be o(-2). Let w = 5049 - b. Is w a prime number?
True
Let x(p) be the second derivative of 0 - 8/3*p**3 - 21/2*p**2 + 10*p. Is x(-11) a prime number?
False
Is ((-895503)/(-9))/(-7)*6/18*-9 prime?
True
Let w(i) = 6*i**3 - 5. Suppose -3*b = -12, -4*b = -2*p + b - 12. Suppose y - 3*o - 16 = 0, 5*o + 2 + 2 = -p*y. Is w(y) a prime number?
True
Suppose 2*c + 65*z = 63*z + 429294, 2*z = c - 214659. Is c prime?
True
Suppose 5*n + 2*j + 160 = -j, 25 = -5*j. Let t = 46 + n. Suppose -1797 = -20*x + t*x. Is x a prime number?
True
Let d be 5/(-10)*-8*2/(-4). Is -3 - (d + 56*-1) prime?
False
Suppose 77*l + 12372 = 81*l. Let b = l - 2052. Is b a prime number?
False
Suppose 6*v - 6341 = v + c, -2*c = -8. Let b = 865 - v. Let j = b - -1291. Is j a composite number?
False
Suppose 32 = 3*r - 4*x, 3*r + 2*r - 84 = -x. Let g(q) = -221*q - 49. Let j(b) = -219*b - 49. Let h(s) = -7*g(s) + 6*j(s). Is h(r) composite?
True
Suppose -70*s + 3562859 + 2592768 = 512157. Is s a prime number?
True
Let b(j) = 7*j**2 - 37*j + 12. Let s be b(6). Suppose -22536 = -66*f + s*f. Is f composite?
True
Suppose p = n - 37, 4*p + 0*n = 2*n - 146. Let s = 40 + p. Suppose -3*d - g - 350 = -2599, 2*d - 1506 = -s*g. Is d prime?
False
Let s = 366 - 361. Suppose -4*t + 8 = 0, s*w - 2*t = 22630 + 5511. Is w composite?
True
Let a be 22/(-11) - 262*(-15)/3. Let q = a + 1301. Is q composite?
False
Suppose -24*h = -27*h + 9270. Suppose -5*r + 4*c = -4*r - 26, 2*r = 4*c + 32. Suppose -4*j - h = -2*q, r*q - 3*q - 3*j - 4632 = 0. Is q composite?
False
Suppose -192441 = -2*c + r, 481104 = 5*c + 110*r - 111*r. Is c composite?
False
Let t = -53370 + 77777. Is t a composite number?
False
Suppose -323*n + 276*n + 94928767 = 0. Is n a prime number?
True
Let t(h) be the third derivative of -269*h**6/60 - h**5/30 - 7*h**4/24 - 7*h**3/6 + 169*h**2. Is t(-4) a prime number?
True
Suppose -1986*t + 1990*t = 24, n = 5*t + 195551. Is n composite?
False
Suppose 0 = -164*t - 16554262 + 65821994. Is t a composite number?
False
Let m(h) = 2716*h**2 - 66*h - 3. Is m(-20) a composite number?
False
Let w be 2*-1 + (28 - 4). Let f = -19 + w. Suppose -f*s = 5*g - 381, -5*g - 635 = -s - 4*s. Is s composite?
False
Let y = 679291 - 365868. Is y composite?
True
Suppose 757646 = 4*j - x - 1090520, 0 = -2*j - x + 924080. Is j composite?
False
Suppose 2*i + 4 = -5*h, 4*i - 8 = 6*i + 3*h. Is 4153/(i/(-14)*2) a prime number?
True
Let x(c) = -73*c + 1238. Is x(-15) prime?
True
Suppose 7*y - 5*y = 5*c + 5, 5*y = -5*c + 65. Let k be (-4)/y - 235/(-25). Let x(n) = 138*n + 75. Is x(k) prime?
False
Let m be 1/(-7) - (-432)/(-63). Let f(c) = -758*c + 21. Is f(m) a composite number?
True
Let o be -4*4/8 + 6. Suppose o*t - 7*t + 6 = 0. Is 4770/16 + t/(-16) composite?
True
Let g be (5 - 9)*37/(-4). Let f = g - -34. Suppose 70*i - f*i + 1847 = 0. Is i a composite number?
False
Is (-700)/(-90) + -8 + (-40)/(-18) - -587495 a composite number?
False
Suppose 12*p - 150 = 2*p. Suppose -3*i = 4*k + 411 - 4176, 0 = 5*k + p. Suppose -579 = -2*m + i. Is m a prime number?
True
Let f(d) = -16*d + 106. Let o be f(7). Is (7 - 4317/o)*14 a prime number?
False
Suppose 10*l - 161033 = 115627. Let a = 41767 - l. Suppose 2956 = -15*s + a. Is s a composite number?
False
Let h = -207 - -182. Let p(y) = y**2 - 8*y + 70. Is p(h) prime?
False
Let b(h) be the second derivative of 4*h**4/3 + h**3 + 17*h. Let k be b(5). Suppose 0 = -8*c + 10*c - k. Is c composite?
True
Suppose -4*c + 2 = -18. Suppose -3*m + n + 7904 = m, 3974 = 2*m + c*n. Is m prime?
False
Suppose -167 - 143 = 5*w + 4*r, -124 = 2*w - 2*r. Let y = w + 62. Suppose y = 3*d + 6*a - 3*a - 2133, 5*a = 20. Is d a prime number?
False
Let m(k) = 959*k**2 - 56*k - 595. Is m(-14) composite?
True
Suppose -30 = 5*y - 10*y. Suppose 370 = 8*f - y*f. Suppose 2*p = -4*o + 678, -3*o = p - 158 - f. Is p composite?
False
Suppose 2*m + 15386 = 328. Let d = -3666 - m. Is d a prime number?
True
Suppose -10*z + 14*z = -97669 + 1488057. Is z composite?
True
Let v be ((-15)/(-3))/(1/3). Let h be (-6)/10 + 39/v. Suppose -h*b + 603 = -991. Is b composite?
False
Suppose -k - 5*b - 6163 = -907, -3*k - 4*b - 15801 = 0. Suppose m 